5?
-84
What is 3 (base 16) in base 8?
3
-c (base 13) to base 12
-10
What is d6 (base 16) in base 8?
326
Convert 6 (base 12) to base 16.
6
-23 (base 8) to base 12
-17
What is -10100011 (base 2) in base 14?
-b9
What is -3 (base 15) in base 12?
-3
What is 2 (base 13) in base 14?
2
What is -11 (base 7) in base 12?
-8
What is 7 (base 16) in base 8?
7
-15 (base 15) to base 11
-19
-11 (base 9) to base 10
-10
What is 31 (base 9) in base 7?
40
What is -12 (base 13) in base 10?
-15
What is 10 (base 4) in base 10?
4
Convert 1 (base 4) to base 14.
1
Convert 5 (base 12) to base 11.
5
13 (base 13) to base 7
22
Convert -82 (base 10) to base 3.
-10001
Convert -1 (base 12) to base 10.
-1
Convert 4 (base 9) to base 4.
10
Convert -1 (base 9) to base 4.
-1
Convert 14 (base 13) to base 7.
23
What is -1 (base 14) in base 8?
-1
Convert -7 (base 13) to base 11.
-7
Convert -3 (base 4) to base 12.
-3
Convert 0 (base 11) to base 10.
0
Convert 1 (base 10) to base 11.
1
Convert -78 (base 10) to base 13.
-60
1 (base 13) to base 14
1
What is -2 (base 16) in base 13?
-2
Convert -2 (base 15) to base 4.
-2
Convert 211 (base 5) to base 2.
111000
0 (base 2) to base 4
0
Convert 36 (base 8) to base 10.
30
Convert -10 (base 3) to base 13.
-3
Convert 0 (base 7) to base 15.
0
6 (base 9) to base 8
6
What is -8 (base 14) in base 12?
-8
What is -415 (base 6) in base 16?
-9b
What is -110001 (base 2) in base 14?
-37
What is 17 (base 10) in base 12?
15
Convert 14 (base 12) to base 6.
24
Convert 60 (base 15) to base 5.
330
Convert -6a (base 14) to base 11.
-86
What is 146 (base 8) in base 3?
10210
Convert 5 (base 12) to base 16.
5
What is -20 (base 9) in base 7?
-24
Convert 3 (base 12) to base 4.
3
210 (base 5) to base 3
2001
What is -24 (base 11) in base 6?
-42
Convert -134 (base 6) to base 9.
-64
101001 (base 2) to base 14
2d
11 (base 2) to base 12
3
What is 14 (base 5) in base 13?
9
Convert 3 (base 9) to base 7.
3
What is -2 (base 10) in base 5?
-2
Convert 6 (base 14) to base 10.
6
What is -42 (base 15) in base 4?
-332
What is 2 (base 10) in base 2?
10
What is 147 (base 10) in base 12?
103
85 (base 16) to base 13
a3
What is 9 (base 12) in base 9?
10
What is 1 (base 3) in base 6?
1
What is 4 (base 5) in base 12?
4
Convert -3 (base 16) to base 10.
-3
-27 (base 15) to base 2
-100101
Convert -a (base 15) to base 14.
-a
Convert 10 (base 2) to base 7.
2
What is -7 (base 15) in base 10?
-7
What is 254 (base 6) in base 3?
10221
Convert -2022 (base 3) to base 13.
-4a
78 (base 15) to base 12
95
Convert -10202 (base 4) to base 7.
-563
Convert 1 (base 14) to base 8.
1
Convert 48 (base 14) to base 12.
54
Convert 11 (base 3) to base 5.
4
Convert 120 (base 4) to base 8.
30
77 (base 9) to base 2
1000110
Convert -11 (base 2) to base 16.
-3
1 (base 7) to base 9
1
Convert -10 (base 4) to base 12.
-4
What is -10 (base 9) in base 5?
-14
Convert -12 (base 5) to base 15.
-7
124 (base 6) to base 14
3a
1 (base 3) to base 16
1
What is -12 (base 14) in base 8?
-20
What is 112 (base 8) in base 16?
4a
What is b (base 12) in base 9?
12
1 (base 10) to base 8
1
Convert 10222 (base 4) to base 12.
20a
3 (base 14) to base 8
3
-18 (base 9) to base 5
-32
-30 (base 14) to base 4
-222
61 (base 7) to base 4
223
What is -43 (base 15) in base 14?
-47
Convert 20 (base 6) to base 11.
11
What is -1 (base 14) in base 9?
-1
What is -4 (base 10) in base 16?
-4
Convert 6a (base 12) to base 15.
57
26 (base 7) to base 16
14
Convert 45 (base 6) to base 13.
23
-21 (base 4) to base 11
-9
-3 (base 13) to base 16
-3
What is -110 (base 2) in base 4?
-12
Convert -3 (base 5) to base 15.
-3
What is 41 (base 7) in base 3?
1002
Convert 2 (base 13) to base 6.
2
What is 1b (base 12) in base 14?
19
Convert -52 (base 7) to base 3.
-1101
-101 (base 4) to base 15
-12
Convert 50 (base 7) to base 13.
29
2 (base 11) to base 2
10
What is 2 (base 16) in base 8?
2
Convert 11002 (base 3) to base 10.
110
Convert -110 (base 8) to base 4.
-1020
What is 10 (base 4) in base 3?
11
Convert -201 (base 3) to base 11.
-18
Convert 113 (base 9) to base 16.
5d
Convert 8 (base 12) to base 3.
22
5 (base 9) to base 6
5
Convert 100 (base 2) to base 3.
11
5 (base 10) to base 6
5
Convert 25 (base 16) to base 13.
2b
Convert -103 (base 5) to base 11.
-26
240 (base 5) to base 6
154
Convert -20 (base 3) to base 11.
-6
0 (base 15) to base 5
0
Convert 0 (base 6) to base 4.
0
What is 1b (base 14) in base 6?
41
120 (base 5) to base 11
32
Convert -14 (base 6) to base 3.
-101
Convert -5c (base 16) to base 5.
-332
25 (base 9) to base 10
23
Convert 12 (base 4) to base 13.
6
What is 1 (base 13) in base 11?
1
-45 (base 6) to base 11
-27
Convert 7 (base 11) to base 9.
7
Convert -1221 (base 3) to base 15.
-37
Convert -11 (base 15) to base 8.
-20
What is 59 (base 16) in base 2?
1011001
Convert 212 (base 3) to base 8.
27
Convert -443 (base 7) to base 12.
-16b
Convert -7 (base 9) to base 15.
-7
Convert -1004 (base 5) to base 13.
-9c
Convert -12 (base 11) to base 5.
-23
What is -8 (base 9) in base 7?
-11
Convert 6 (base 13) to base 15.
6
What is -e (base 16) in base 11?
-13
Convert -1 (base 2) to base 5.
-1
Convert 71 (base 13) to base 8.
134
-25 (base 12) to base 2
-11101
Convert 100100 (base 2) to base 6.
100
What is 2 (base 5) in base 9?
2
32 (base 4) to base 10
14
What is 1 (base 8) in base 7?
1
What is 7 (base 11) in base 14?
7
10 (base 6) to base 14
6
Convert -403 (base 5) to base 4.
-1213
Convert 10011 (base 2) to base 15.
14
What is 1000 (base 2) in base 7?
11
-47 (base 9) to base 2
-101011
Convert -6 (base 13) to base 6.
-10
What is -13 (base 10) in base 16?
-d
Convert -3 (base 10) to base 6.
-3
What is 2 (base 8) in base 2?
10
What is -2c (base 16) in base 12?
-38
6a (base 12) to base 11
75
-21 (base 5) to base 11
-10
Convert a9 (base 16) to base 13.
100
-6 (base 10) to base 12
-6
2 (base 4) to base 2
10
0 (base 10) to base 13
0
Convert -74 (base 9) to base 15.
-47
Convert -12b (base 14) to base 16.
-eb
What is -30 (base 7) in base 12?
-19
What is 6 (base 16) in base 3?
20
-184 (base 9) to base 14
-b3
What is -2 (base 6) in base 3?
-2
Convert 156 (base 9) to base 4.
2010
-2 (base 16) to base 11
-2
What is 11 (base 6) in base 11?
7
What is 20 (base 5) in base 11?
a
What is -43 (base 10) in base 4?
-223
What is 111100 (base 2) in base 5?
220
What is 3 (base 8) in base 5?
3
Convert 5 (base 9) to base 14.
5
What is -15a (base 11) in base 2?
-10111010
What is -145 (base 7) in base 8?
-122
What is 31 (base 5) in base 12?
14
-13 (base 5) to base 12
-8
Convert 46 (base 16) to base 3.
2121
3 (base 11) to base 5
3
What is 1104 (base 5) in base 4?
2122
Convert -f (base 16) to base 4.
-33
What is 3 (base 15) in base 13?
3
Convert -1220 (base 3) to base 6.
-123
What is -10 (base 11) in base 3?
-102
Convert 9 (base 16) to base 13.
9
What is -155 (base 9) in base 4?
-2003
-c7 (base 16) to base 12
-147
Convert -40 (base 5) to base 4.
-110
32 (base 10) to base 2
100000
What is 5d (base 14) in base 15?
58
90 (base 10) to base 12
76
Convert 2 (base 9) to base 6.
2
Convert -20 (base 4) to base 5.
-13
-3 (base 9) to base 10
-3
What is -3 (base 7) in base 12?
-3
Convert -10001110 (base 2) to base 4.
-2032
What is 3 (base 14) in base 4?
3
-11000 (base 2) to base 4
-120
-11100 (base 3) to base 8
-165
Convert -126 (base 9) to base 3.
-10220
What is -13 (base 5) in base 4?
-20
38 (base 12) to base 15
2e
3 (base 15) to base 9
3
-1003 (base 5) to base 2
-10000000
What is -10 (base 3) in base 8?
-3
What is 0 (base 6) in base 3?
0
Convert 4a (base 14) to base 13.
51
2 (base 10) to base 2
10
What is -12 (base 7) in base 5?
-14
Convert -10 (base 12) to base 8.
-14
Convert a (base 12) to base 14.
a
Convert 163 (base 8) to base 9.
137
Convert -211 (base 8) to base 16.
-89
What is 3 (base 7) in base 16?
3
46 (base 8) to base 5
123
Convert -2 (base 8) to base 14.
-2
Convert -336 (base 7) to base 16.
-ae
Convert 303 (base 6) to base 4.
1233
Convert b (base 12) to base 10.
11
What is 1 (base 14) in base 9?
1
12 (base 6) to base 3
22
Convert -7 (base 10) to base 15.
-7
Convert -310 (base 4) to base 12.
-44
-9e (base 15) to base 14
-a9
Convert -61 (base 16) to base 15.
-67
Convert 12a (base 11) to base 6.
413
What is 3e (base 15) in base 16?
3b
-38 (base 10) to base 16
-26
-af (base 16) to base 13
-106
What is 3 (base 16) i